{"id":10708,"date":"2019-01-13T13:37:52","date_gmt":"2019-01-13T13:37:52","guid":{"rendered":"https:\/\/sunutechnology.com\/?page_id=10708"},"modified":"2019-02-24T13:19:44","modified_gmt":"2019-02-24T13:19:44","slug":"a-propos","status":"publish","type":"page","link":"https:\/\/sunutechnology.com\/index.php\/a-propos\/","title":{"rendered":"A propos"},"content":{"rendered":"<p>[vc_row][vc_column][vc_row_inner][vc_column_inner width=&#8221;1\/2&#8243;][vc_column_text]Fort de plus d\u2019une d\u00e9cennie d\u2019expertise dans des domaines aussi divers et vari\u00e9s que la conception et l\u2019int\u00e9gration de solutions, l\u2019agr\u00e9gation de services \u00e0 valeur ajout\u00e9e, le Conseil en SI et la Cyber S\u00e9curit\u00e9<\/p>\n<ul>\n<li>Riche d\u2019un r\u00e9seau de pr\u00e8s d\u2019une dizaine de partenaires<\/li>\n<li>Compos\u00e9 d\u2019une \u00e9quipe pluridisciplinaire<\/li>\n<li>Certifi\u00e9 et hautement qualifi\u00e9<\/li>\n<\/ul>\n<p><strong>Sunutechnology<\/strong> constitue aujourd\u2019hui, un label d\u2019excellence et d\u2019int\u00e9grit\u00e9.<\/p>\n<p>10 years ago we set out to invent the future. Since then, we have never stopped re-inventing ourselves. Let\u2019s retrace our steps,starting at the very beginning\u2026 \u00a0Technology is not a single thing or device but an ongoing chain of activities designed for constant improvement. Improvement to surpass not only where we have been and where we are now but to go beyond our vision of where we should be. We strive to ensure that our technology places our partners on the leading edge of their domains.<\/p>\n<p align=\"justify\"><span class=\"color-2\"><strong>SUNUTECHNOLOGY\u00a0 \u2026\u2026..\u00a0 \u00a0Built for Tomorrow \u2026 Ready for Today<\/strong><\/span><\/p>\n<p>[\/vc_column_text][\/vc_column_inner][vc_column_inner width=&#8221;1\/2&#8243;][vc_single_image image=&#8221;10837&#8243; img_size=&#8221;full&#8221;][\/vc_column_inner][\/vc_row_inner][\/vc_column][\/vc_row][vc_row full_width=&#8221;stretch_row_content&#8221; bg_type=&#8221;image&#8221; parallax_style=&#8221;vcpb-default&#8221; bg_image_repeat=&#8221;no-repeat&#8221; css=&#8221;.vc_custom_1547450998973{background-color: #dddddd !important;}&#8221;][vc_column][vc_column_text]<\/p>\n<h5>Vous avez des besoins en mati\u00e8re de convergence de la t\u00e9l\u00e9phonie et de communications unifi\u00e9es , Cyber securit\u00e9 , Wifi as a Service ect. Nous avons l\u2019expertise n\u00e9cessaire pour y r\u00e9pondre et vous fournir une solution cl\u00e9 en main. Gr\u00e2ce \u00e0 un processus de transition qui va au-del\u00e0 des normes , SUNUTECHNOLOGY est en mesure de vous offrir le meilleur service qui soit.<\/h5>\n<h5>L\u2019\u00e9quipe SUNUTECHNOLOGY<\/h5>\n<h5>\u00c0 VOTRE DISPOSITION POUR \u00c9TABLIR AVEC VOUS UNE RELATION DURABLE ET DE CONFIANCE!<\/h5>\n<p>[\/vc_column_text][vc_btn title=&#8221;Voir nos services&#8221; color=&#8221;danger&#8221; align=&#8221;center&#8221; link=&#8221;url:https%3A%2F%2Fsunutechnology.com%2Findex.php%2Fsolutions-services%2F|||&#8221;][\/vc_column][\/vc_row]<\/p>\n","protected":false},"excerpt":{"rendered":"<p>[vc_row][vc_column][vc_row_inner][vc_column_inner width=&#8221;1\/2&#8243;][vc_column_text]Fort de plus d\u2019une d\u00e9cennie d\u2019expertise dans des domaines aussi divers et vari\u00e9s que la conception et l\u2019int\u00e9gration de solutions, l\u2019agr\u00e9gation de services \u00e0 valeur ajout\u00e9e, le Conseil en SI et la Cyber S\u00e9curit\u00e9 Riche d\u2019un r\u00e9seau de pr\u00e8s&#8230;<\/p>\n","protected":false},"author":2,"featured_media":0,"parent":0,"menu_order":0,"comment_status":"closed","ping_status":"closed","template":"","meta":{"footnotes":""},"class_list":["post-10708","page","type-page","status-publish","hentry"],"_links":{"self":[{"href":"https:\/\/sunutechnology.com\/index.php\/wp-json\/wp\/v2\/pages\/10708","targetHints":{"allow":["GET"]}}],"collection":[{"href":"https:\/\/sunutechnology.com\/index.php\/wp-json\/wp\/v2\/pages"}],"about":[{"href":"https:\/\/sunutechnology.com\/index.php\/wp-json\/wp\/v2\/types\/page"}],"author":[{"embeddable":true,"href":"https:\/\/sunutechnology.com\/index.php\/wp-json\/wp\/v2\/users\/2"}],"replies":[{"embeddable":true,"href":"https:\/\/sunutechnology.com\/index.php\/wp-json\/wp\/v2\/comments?post=10708"}],"version-history":[{"count":15,"href":"https:\/\/sunutechnology.com\/index.php\/wp-json\/wp\/v2\/pages\/10708\/revisions"}],"predecessor-version":[{"id":10778,"href":"https:\/\/sunutechnology.com\/index.php\/wp-json\/wp\/v2\/pages\/10708\/revisions\/10778"}],"wp:attachment":[{"href":"https:\/\/sunutechnology.com\/index.php\/wp-json\/wp\/v2\/media?parent=10708"}],"curies":[{"name":"wp","href":"https:\/\/api.w.org\/{rel}","templated":true}]}}