{"id":10724,"date":"2019-01-13T17:05:52","date_gmt":"2019-01-13T17:05:52","guid":{"rendered":"https:\/\/sunutechnology.com\/index.php\/solutions-services\/securite-des-reseaux-copy\/"},"modified":"2019-02-25T03:02:05","modified_gmt":"2019-02-25T03:02:05","slug":"wifi-as-a-service","status":"publish","type":"page","link":"https:\/\/sunutechnology.com\/index.php\/solutions-services\/wifi-as-a-service\/","title":{"rendered":"Service WiFi"},"content":{"rendered":"<p>[vc_row][vc_column width=&#8221;1\/2&#8243;][vc_column_text]<strong>\u00c9vitez la congestion 3G\/LTE avec un d\u00e9chargement WiFi d\u2019op\u00e9rateur \u00e9volutif<\/strong><br \/>\nSUNUTECHNOLOGY propose la meilleure solution Wi-Fi Cloud CPE \u00e0 d\u00e9ployer dans un centre de donn\u00e9es centralis\u00e9 ou des filiales d\u2019entreprises distribu\u00e9es. Gr\u00e2ce \u00e0 des produits de niveau op\u00e9rateur de bout en bout,<br \/>\nSUNUTECHNOLOGY simplifie grandement et automatise les d\u00e9ploiements Wi-Fi \u00e0 grande \u00e9chelle, tout en offrant une exp\u00e9rience utilisateur exceptionnelle.<br \/>\nLe Wifi s\u00e9curis\u00e9 par SUNUTECHNOLOGY Solutions c\u2019est:<\/p>\n<ul>\n<li>La diffusion optimale d\u2019un r\u00e9seau Wifi de qualit\u00e9.<\/li>\n<li>La supervision et la maintenance de votre installation Wifi s\u00e9curis\u00e9.<\/li>\n<li>Vous permettre de mettre en \u0153uvre une communication efficace aupr\u00e8s de vos clients (collecte d\u2019emails, promotion de votre \u00e9tablissement\u2026)<\/li>\n<li>Notre exp\u00e9rience technique (beaucoup d\u2019 installations r\u00e9alis\u00e9es et supervis\u00e9es)<\/li>\n<li>Des d\u00e9lais d\u2019engagement court, nous gardons les clients parce qu\u2019ils le veulent bien.<\/li>\n<\/ul>\n<p>[\/vc_column_text][\/vc_column][vc_column width=&#8221;1\/2&#8243;][vc_single_image image=&#8221;10870&#8243; img_size=&#8221;full&#8221;][\/vc_column][\/vc_row][vc_row][vc_column width=&#8221;1\/2&#8243;][vc_single_image image=&#8221;10869&#8243; img_size=&#8221;full&#8221;][\/vc_column][vc_column width=&#8221;1\/2&#8243;][vc_column_text]Solution Wi-Fi intelligente destin\u00e9e aux entreprises, h\u00f4tels, h\u00f4pitaux, \u00e9coles, logistique, Wi-Fi public (Hot Spot), salle de spectacles, \u2026<\/p>\n<p>Conception des r\u00e9seaux,<br \/>\nD\u00e9veloppement de firmware et de solutions sp\u00e9cifiques (hotspots, serveurs, applicatifs m\u00e9tiers\u2026).<br \/>\nD\u00e9ploiement des infrastructures Wifi : indoor et outdoor.<br \/>\n.<b>Vous avez un projet?<\/b>\u00a0Vous recherchez une \u00e9quipe dynamique et suivant les normes les plus exigeantes ? Sunutechnology vous accompagne dans la conception, la ma\u00eetrise et l\u2019\u00e9volution de vos syst\u00e8mes d\u2019information et vous apporte une forte valeur ajout\u00e9e gr\u00e2ce \u00e0 son offre de proximit\u00e9, qui se d\u00e9cline au travers des m\u00e9tiers du conseil, de l\u2019int\u00e9gration de solutions, la d\u00e9l\u00e9gation d\u2019expertise, les services d\u2019infrastructures et la formation[\/vc_column_text][\/vc_column][\/vc_row][vc_row full_width=&#8221;stretch_row_content&#8221; color_style=&#8221;light&#8221; css=&#8221;.vc_custom_1547398381254{background-color: #1e73be !important;}&#8221;][vc_column][vc_column_text]<\/p>\n<h1 style=\"text-align: center;\">Contactez-nous aujourd&#8217;hui pour b\u00e9n\u00e9ficier de nos services!<\/h1>\n<p>[\/vc_column_text][vc_btn title=&#8221;Contactez-nous&#8221; color=&#8221;danger&#8221; size=&#8221;lg&#8221; align=&#8221;center&#8221; link=&#8221;url:https%3A%2F%2Fsunutechnology.com%2Findex.php%2Fcontacts%2F|||&#8221;][\/vc_column][\/vc_row]<\/p>\n","protected":false},"excerpt":{"rendered":"<p>[vc_row][vc_column width=&#8221;1\/2&#8243;][vc_column_text]\u00c9vitez la congestion 3G\/LTE avec un d\u00e9chargement WiFi d\u2019op\u00e9rateur \u00e9volutif SUNUTECHNOLOGY propose la meilleure solution Wi-Fi Cloud CPE \u00e0 d\u00e9ployer dans un centre de donn\u00e9es centralis\u00e9 ou des filiales d\u2019entreprises distribu\u00e9es. Gr\u00e2ce \u00e0 des produits de niveau op\u00e9rateur de&#8230;<\/p>\n","protected":false},"author":2,"featured_media":0,"parent":10713,"menu_order":0,"comment_status":"closed","ping_status":"closed","template":"","meta":{"footnotes":""},"class_list":["post-10724","page","type-page","status-publish","hentry"],"_links":{"self":[{"href":"https:\/\/sunutechnology.com\/index.php\/wp-json\/wp\/v2\/pages\/10724","targetHints":{"allow":["GET"]}}],"collection":[{"href":"https:\/\/sunutechnology.com\/index.php\/wp-json\/wp\/v2\/pages"}],"about":[{"href":"https:\/\/sunutechnology.com\/index.php\/wp-json\/wp\/v2\/types\/page"}],"author":[{"embeddable":true,"href":"https:\/\/sunutechnology.com\/index.php\/wp-json\/wp\/v2\/users\/2"}],"replies":[{"embeddable":true,"href":"https:\/\/sunutechnology.com\/index.php\/wp-json\/wp\/v2\/comments?post=10724"}],"version-history":[{"count":5,"href":"https:\/\/sunutechnology.com\/index.php\/wp-json\/wp\/v2\/pages\/10724\/revisions"}],"predecessor-version":[{"id":10956,"href":"https:\/\/sunutechnology.com\/index.php\/wp-json\/wp\/v2\/pages\/10724\/revisions\/10956"}],"up":[{"embeddable":true,"href":"https:\/\/sunutechnology.com\/index.php\/wp-json\/wp\/v2\/pages\/10713"}],"wp:attachment":[{"href":"https:\/\/sunutechnology.com\/index.php\/wp-json\/wp\/v2\/media?parent=10724"}],"curies":[{"name":"wp","href":"https:\/\/api.w.org\/{rel}","templated":true}]}}