{"id":10727,"date":"2019-01-13T17:08:13","date_gmt":"2019-01-13T17:08:13","guid":{"rendered":"https:\/\/sunutechnology.com\/index.php\/solutions-services\/wifi-as-a-service-copy\/"},"modified":"2019-02-25T02:11:06","modified_gmt":"2019-02-25T02:11:06","slug":"voip","status":"publish","type":"page","link":"https:\/\/sunutechnology.com\/index.php\/solutions-services\/voip\/","title":{"rendered":"VOIP (communication unifi\u00e9e)"},"content":{"rendered":"<p>[vc_row][vc_column width=&#8221;1\/2&#8243;][vc_column_text]<strong>La collaboration \u00e0 distance dans tous ses \u00e9tats !<\/strong><\/p>\n<p><strong>\u00a0<\/strong>Les Communications Unifi\u00e9es permettent d\u2019optimiser les ressources de l\u2019entreprise. L\u2019utilisation d\u2019une solution de communication converg\u00e9e permet d\u2019am\u00e9liorer la productivit\u00e9 des collaborateurs \u00ab nomades \u00bb qui peuvent ainsi travailler de n\u2019importe quel endroit du monde. Ces technologies peuvent \u00eatre \u00e9galement utilis\u00e9es pour g\u00e9n\u00e9rer des revenus compl\u00e9mentaires, am\u00e9liorer la satisfaction client en permettant un acc\u00e8s rapide et s\u00e9curis\u00e9 \u00e0 l\u2019information, dans le respect d\u2019un cadre budg\u00e9taire.\u200b<\/p>\n<p>Il faut par ailleurs s\u2019assurer que les exigences des collaborateurs mobiles sont compatibles avec une politique d\u2018\u00e9conomie des co\u00fbts et une gestion stricte de la s\u00e9curit\u00e9.<\/p>\n<p>Les solutions et les services de Communications Unifi\u00e9es de SUNUTECHNOLOGY se basent sur 6 \u00e9l\u00e9ments pour r\u00e9pondre aux exigences actuelles.[\/vc_column_text][\/vc_column][vc_column width=&#8221;1\/2&#8243;][vc_single_image image=&#8221;10790&#8243; img_size=&#8221;full&#8221;][\/vc_column][\/vc_row][vc_row][vc_column width=&#8221;1\/2&#8243;][vc_single_image image=&#8221;10793&#8243; img_size=&#8221;full&#8221;][\/vc_column][vc_column width=&#8221;1\/2&#8243;][vc_column_text]Les Communications Unifi\u00e9es constituent un \u00e9cosyst\u00e8me de convergence stimulant l\u2019efficacit\u00e9 de votre entreprise<\/p>\n<p>Les solutions de Communications Unifi\u00e9es r\u00e9unissent l\u2019ensemble des applications de collaboration et de communication au sein d\u2019une interface unique facile \u00e0 utiliser, directement depuis votre ordinateur de bureau ou votre p\u00e9riph\u00e9rique mobile :<\/p>\n<p>L\u2019adoption d\u2019une architecture de Communications Unifi\u00e9es Voix\/Donn\u00e9es\/Images vous permet de r\u00e9duire les co\u00fbts associ\u00e9s \u00e0 la gestion des communications et d\u2019accro\u00eetre la productivit\u00e9 des salari\u00e9s disposant de moyens de communication performants.<\/p>\n<p>SUNUTECHNOLOGY fournit \u00e0 l\u2019ensemble des collaborateurs de votre entreprise une offre compl\u00e8te de solutions de communication :<\/p>\n<p>VoIP ToIP, t\u00e9l\u00e9 pr\u00e9sence, Web et Visio conf\u00e9rence, CRM, solutions collaboratives, messagerie unifi\u00e9e, convergence Fixe\/Mobile,Terminal Multim\u00e9dia Patient, TV haute d\u00e9finition\u2026[\/vc_column_text][\/vc_column][\/vc_row][vc_row full_width=&#8221;stretch_row_content&#8221; color_style=&#8221;light&#8221; css=&#8221;.vc_custom_1547398381254{background-color: #1e73be !important;}&#8221;][vc_column][vc_column_text]<\/p>\n<h1 style=\"text-align: center;\">Contactez-nous aujourd&#8217;hui pour b\u00e9n\u00e9ficier de nos services!<\/h1>\n<p>[\/vc_column_text][vc_btn title=&#8221;Contactez-nous&#8221; color=&#8221;danger&#8221; size=&#8221;lg&#8221; align=&#8221;center&#8221; link=&#8221;url:https%3A%2F%2Fsunutechnology.com%2Findex.php%2Fcontacts%2F|||&#8221;][\/vc_column][\/vc_row]<\/p>\n","protected":false},"excerpt":{"rendered":"<p>[vc_row][vc_column width=&#8221;1\/2&#8243;][vc_column_text]La collaboration \u00e0 distance dans tous ses \u00e9tats ! \u00a0Les Communications Unifi\u00e9es permettent d\u2019optimiser les ressources de l\u2019entreprise. L\u2019utilisation d\u2019une solution de communication converg\u00e9e permet d\u2019am\u00e9liorer la productivit\u00e9 des collaborateurs \u00ab nomades \u00bb qui peuvent ainsi travailler de n\u2019importe&#8230;<\/p>\n","protected":false},"author":2,"featured_media":0,"parent":10713,"menu_order":0,"comment_status":"closed","ping_status":"closed","template":"","meta":{"footnotes":""},"class_list":["post-10727","page","type-page","status-publish","hentry"],"_links":{"self":[{"href":"https:\/\/sunutechnology.com\/index.php\/wp-json\/wp\/v2\/pages\/10727","targetHints":{"allow":["GET"]}}],"collection":[{"href":"https:\/\/sunutechnology.com\/index.php\/wp-json\/wp\/v2\/pages"}],"about":[{"href":"https:\/\/sunutechnology.com\/index.php\/wp-json\/wp\/v2\/types\/page"}],"author":[{"embeddable":true,"href":"https:\/\/sunutechnology.com\/index.php\/wp-json\/wp\/v2\/users\/2"}],"replies":[{"embeddable":true,"href":"https:\/\/sunutechnology.com\/index.php\/wp-json\/wp\/v2\/comments?post=10727"}],"version-history":[{"count":5,"href":"https:\/\/sunutechnology.com\/index.php\/wp-json\/wp\/v2\/pages\/10727\/revisions"}],"predecessor-version":[{"id":10815,"href":"https:\/\/sunutechnology.com\/index.php\/wp-json\/wp\/v2\/pages\/10727\/revisions\/10815"}],"up":[{"embeddable":true,"href":"https:\/\/sunutechnology.com\/index.php\/wp-json\/wp\/v2\/pages\/10713"}],"wp:attachment":[{"href":"https:\/\/sunutechnology.com\/index.php\/wp-json\/wp\/v2\/media?parent=10727"}],"curies":[{"name":"wp","href":"https:\/\/api.w.org\/{rel}","templated":true}]}}